ctors of x.
2, 3
Suppose 2*p + 0 - 4 = 0. Suppose -4*u - s - 31 = 2*s, p*u + s + 13 = 0. Let q = 12 + u. List the prime factors of q.
2
Let d(o) = -o**3 + 9*o**2 - 4*o - 17. List the prime factors of d(8).
3, 5
Suppose 0 = 4*r - 3*c + 9, 10 = -5*r + 4*c - 0. List the prime factors of 3/r - (-63)/6.
2, 5
Suppose 4*s = -0*s. Suppose 5*z - 49 - 16 = s. List the prime factors of z.
13
Suppose 3*z - 5*y = 364, -6*y - 368 = -3*z - 5*y. List the prime factors of z.
3, 41
Suppose -z - 5 = -19. List the prime factors of z.
2, 7
Let m = -62 - -302. What are the prime factors of m?
2, 3, 5
List the prime factors of (-2)/(-15) + (-11187)/(-135).
83
Let q(a) = -a. Suppose -3*c - 5*w = 16, -2*c = 2*w - 3 + 11. Let f be q(c). Let v = 9 - f. What are the prime factors of v?
7
Let p = -70 - -98. List the prime factors of p.
2, 7
Let u(w) = -w**2 - 11*w - 9. Let p be u(-8). Let j = -8 + p. What are the prime factors of j?
7
Let d be ((-8)/10)/(3/75). Suppose 5*v + 6*c - 2*c - 147 = 0, -3*v - 5*c = -83. Let s = d + v. What are the prime factors of s?
11
Let q(b) be the first derivative of b**6/360 + b**5/30 + b**4/24 - b**3 - 1. Let o(u) be the third derivative of q(u). List the prime factors of o(-5).
2, 3
Suppose -15 - 25 = -2*a. Suppose a = s + 4*s. What are the prime factors of s?
2
What are the prime factors of (-1)/(3/18) + 271?
5, 53
Suppose 2*a - 10*a + 32 = 0. What are the prime factors of a?
2
Let y be 18/4 + (-7)/(-14). Suppose 0*q + y*q = 35. What are the prime factors of q?
7
Let j be (-12)/(-8) - (-2)/(-4). Suppose 13 = 4*i + j. What are the prime factors of i?
3
Let o be 33/6 - 9/6. Suppose -u - o*u = -50. What are the prime factors of u?
2, 5
Let y = 1 + 33. Suppose 2*l - y = 4*q, 0*l - q = 2*l - 19. Suppose 0 = h - l - 8. List the prime factors of h.
19
Let t = -55 + 82. List the prime factors of t.
3
Let r(c) = 2*c + c - 5*c. Let j be ((-4)/(-3))/(4/(-6)). What are the prime factors of r(j)?
2
Suppose 119 = 5*l - 11. What are the prime factors of l?
2, 13
Suppose 5*s = 11 + 14. Suppose 3 = -s*m + 6*m. What are the prime factors of m?
3
Let t = -67 - -136. Let o = 117 - t. List the prime factors of o.
2, 3
Let n(t) = 2*t**2 + 3*t - 2. What are the prime factors of n(3)?
5
Let o be (-5)/(-10) - (-15)/(-2). Let v = o + 23. What are the prime factors of v?
2
Let f = -21 + 41. Suppose 2*u = -7*n + 2*n + 25, 0 = -5*n + 4*u - 5. Suppose y + 5*q = 15 + 1, -n*y - q + f = 0. What are the prime factors of y?
2, 3
Suppose -2*x - 3*j + 17 + 5 = 0, 4*j - 21 = -x. Let b(m) = -m**3 + 5*m**2 + 2*m - 6. List the prime factors of b(x).
2
Let q(k) = -5*k**2 + 2*k - 3. Let l be q(3). Let z be l/(-15) - 2/(-10). Suppose 0*d = -z*d + 57. What are the prime factors of d?
19
Let j be (0 - 0 - 12) + -2. Let d be (-30)/7 - 4/j. Let o(n) = -n**3 - 5*n**2 - 6*n - 5. What are the prime factors of o(d)?
3
Let t be (-16)/(-1 + 2/3). Suppose -2*k = 4*l - t, 4*k + 2*l + l = 76. List the prime factors of k.
2
Suppose 3*b + 2*d = 65, -5*b - 5*d + 107 = -d. Suppose -83 = -5*a - b. List the prime factors of a.
2, 3
Suppose -2*n = -6*q + 8*q - 74, -4*q + 110 = 3*n. What are the prime factors of n?
2, 19
Suppose -2*k + 3 + 1 = 0. Suppose 5*b - k*t = 245, -3*b + 2*t + 113 = -38. Let z = b - 33. What are the prime factors of z?
2, 7
Let o = -8 + 11. Suppose -2*t - 102 = -o*v, 0 = 4*v - 2*t - 68 - 70. List the prime factors of v.
2, 3
Let r(q) = -3*q**2 - 21*q + 12. Let t = -7 - -12. Let a(z) = 2*z**2 + 11*z - 6. Let g(y) = t*a(y) + 3*r(y). List the prime factors of g(8).
2, 3
Suppose 3*r - 5 = 10. Suppose 5*c - 3*u + 6*u = 95, 4*c + r*u = 63. What are the prime factors of c?
2, 11
Let f(z) = 3*z**2 - 2*z + 1. Let b be f(2). Suppose -3*y - 4*r = -35, 6 = y - 2*r - b. What are the prime factors of y?
13
Let i = 75 + -70. What are the prime factors of i?
5
Let a(n) = -n**3 - 2*n**2 - n - 2. Let j(x) = x**3 + 3*x**2 - 1. Let r be j(-1). Let c be r/((2/3)/(-2)). List the prime factors of a(c).
2, 5
Suppose 7*x - 2*x - 20 = 0. Suppose x*k = -4*p + 2*p + 2, -p = -k + 5. Suppose -c + 1 = b, k*b - 10 = -4*c - 2. List the prime factors of c.
3
Let c(u) = 1 - 3*u - 5 + 0. Suppose 5*w - 66 = 16*w. List the prime factors of c(w).
2, 7
Suppose 0 = -3*o + 6*o. Let q = o - -2. Suppose k = -0*k + q. List the prime factors of k.
2
Let s = 7 - 5. Suppose -k - 3*h - 4 = s, 0 = 4*k + 4*h. List the prime factors of k.
3
Let l = -306 + 475. List the prime factors of l.
13
Suppose -2*c + 115 + 85 = 0. Suppose 0 = 3*l + 2*l - c. What are the prime factors of l?
2, 5
Let k(s) = s - 2. Let h be k(0). Let d = h - -8. List the prime factors of d.
2, 3
Suppose -44 = -4*t + 4*d, 2*t + 39 = 6*t - 3*d. Let p = t + 29. What are the prime factors of p?
5, 7
Let o(t) be the third derivative of 0 - t**2 + 0*t + 1/12*t**4 + 5/6*t**3. List the prime factors of o(6).
17
Let k = 79 - 65. What are the prime factors of k?
2, 7
Suppose -2*s + 8 = 4. List the prime factors of s.
2
Let w = -54 - -149. Suppose -4*f + w = f. What are the prime factors of f?
19
Suppose -2*a + 20 = -0*a. Let t = a + -1. List the prime factors of t.
3
Suppose 3 = o, -3*i = -4*o - 48 - 48. Let s(d) = d**2 - 12*d + 12. Let m be s(11). What are the prime factors of 1/(m + i/(-39))?
13
Let k be 14*(5/2 + -2). Suppose -2*g + k*g - 240 = 0. Let i = 70 - g. What are the prime factors of i?
2, 11
Let f be 0 + (3 - 3) + 1. Let c = f + 4. What are the prime factors of c?
5
Let r = 34 - 22. List the prime factors of (6/r)/((-1)/(-24)).
2, 3
Suppose 5*n = n + 20. Let q = n + -8. List the prime factors of (q/9 + 1)*6.
2
Let g(c) be the second derivative of -c**5/20 - c**4/12 + c**3/6 + 10*c**2 + 3*c. What are the prime factors of g(0)?
2, 5
Let j = -38 - -11. List the prime factors of (j/12)/(3/(-8)).
2, 3
Let j = 189 + 9. List the prime factors of j.
2, 3, 11
Suppose -8 = -c - 3. List the prime factors of c.
5
Let a(d) be the third derivative of d**4/2 - d**3/3 + 2*d**2. Let s be a(2). Let m = s + -13. List the prime factors of m.
3
Let a(n) = 3*n**3 - n**2 + 2*n + 4. Let l(x) = x**3 + 1. Let o(b) = a(b) - 4*l(b). Suppose 0 = 5*q - 4*q + 3. What are the prime factors of o(q)?
2, 3
Suppose 5*t = -4*j - 0 - 4, 16 = 2*j - 2*t. Suppose x - 20 = -j. List the prime factors of x.
2
Let u(h) = -h + 6. List the prime factors of u(-11).
17
Let g(w) = w**3 - 5*w**2 - 3*w - 5. Let b be g(6). Suppose -b*v = -15*v + 100. What are the prime factors of v?
2, 5
Let s(u) = 16*u**2 - u. Let j(v) = -31*v**2 + 3*v + 1. Let b(h) = 2*j(h) + 5*s(h). Let z be b(-2). What are the prime factors of z/7 + (-2)/7?
2, 5
Suppose 7*o = 3*o. Suppose o = l - 0 - 5. What are the prime factors of l?
5
Let o = -345 - -560. List the prime factors of o.
5, 43
Let w(y) = y**2 + 4*y + 3. Let s be w(-3). Let a(z) = -z**3 - 2. Let t be a(-3). Suppose 36 = -s*f + 4*f + 4*m, -t = -3*f - 4*m. List the prime factors of f.
11
Let f = -25 - -17. Let y = f - -13. List the prime factors of y.
5
Suppose 0*r = -2*s + r, 14 = -s - 3*r. Let t be 1/(s + 3) - 8. List the prime factors of (-2)/(2/(-3)) - t.
2, 5
Suppose 0 = -4*q + 2*p + 175 + 83, -194 = -3*q + 2*p. What are the prime factors of q?
2
Let i = 22 + 2. What are the prime factors of i?
2, 3
Suppose -13*s - 418 = -15*s. List the prime factors of s.
11, 19
Suppose 7*x - 4*x + 4*d = 302, 0 = -x - 4*d + 98. What are the prime factors of x?
2, 3, 17
Let d(x) be the second derivative of x**5/20 - x**4/6 + x**2/2 + x. Let j be d(2). Let n = 1 + j. What are the prime factors of n?
2
Suppose -5*u + 2*k = 70, 5*u - 2*k - 3*k + 85 = 0. Let y = 7 + u. What are the prime factors of y*(1 + (-12)/5)?
7
What are the prime factors of (30/9)/((-2)/(-30))?
2, 5
Suppose 20*b - 19*b - 375 = 0. List the prime factors of b.
3, 5
Let i be (-7 - -1)/(1*2). Let r(l) = -2*l**3 - 2*l**2 + l + 3. Let y be r(i). Suppose -m = -5*m + y. What are the prime factors of m?
3
Suppose r + w + 6 = 0, -3*r = w + w + 15. Suppose 3 = -g + 12. What are the prime factors of -1*g/(r/1)?
3
Let k(l) = l**2 - l - 1. Let y(q) = -4*q**2 + 4*q + 5. Let t(j) = -3*k(j) - y(j). Let d be (-3)/(-12) + 33/12. List the prime factors of t(d).
2
Let y = -1 - -4. Suppose 4 = -y*i + 4*i. List the prime factors of i.
2
Suppose 3*f = -h - 2*f + 46, -h - f + 42 = 0. List the prime factors of h.
41
Suppose 4*n - 18 = -2